NOAA-Style Climate Reports


Report for 2024 Ιούλιος
                   Monthly Climatological Summary for Ιουλ 2024

Name: Ormylia   City: Ormylia   State: 
Elevation: 20 m  Lat: N 40° 15' 49"   Lon: E 023° 30' 59"

                  Temperature (°C), Rain (mm), Wind Speed (km/h)

                                      Heat  Cool        Avg
    Mean                              Deg   Deg         Wind                 Dom
Day Temp  High   Time   Low    Time   Days  Days  Rain  Speed High   Time    Dir
----------------------------------------------------------------------------------
 1  26,5  32,7   12:34  19,3   05:25   0,0   8,2   0,0   4,0  20,9   14:09   SSE
 2  27,0  32,6   14:59  21,3   02:31   0,0   8,7   0,0   4,8  40,3   21:49    SE
 3  26,4  32,3   15:49  20,0   04:31   0,0   8,1   0,0   4,8  25,6   15:27   ESE
 4  22,5  26,4   15:17  18,7   05:42   0,0   4,2   9,0   4,7  28,1   09:29   ENE
 5  24,9  30,7   16:13  18,8   03:38   0,0   6,6   0,0   4,1  20,9   15:26   WSW
 6  26,1  33,2   15:10  18,8   06:07   0,0   7,8   0,0   6,7  31,7   11:34     E
 7  26,9  33,2   15:27  20,4   23:55   0,0   8,6   0,0   5,6  25,6   10:33    NW
 8  27,3  33,6   15:16  20,4   00:00   0,0   9,0   0,0   4,7  18,4   04:29    SW
 9  29,6  35,6   15:17  21,1   01:27   0,0  11,3   0,0   4,4  24,5   13:11     W
10  31,6  37,1   12:50  25,4   22:26   0,0  13,3   0,0   5,9  24,5   12:36   NNE
11  30,7  36,0   15:46  23,7   07:14   0,0  12,4   0,0   5,4  24,5   12:33   WNW
12  30,3  36,8   14:50  25,3   23:31   0,0  12,0   0,0   5,3  29,5   13:05    SW
13  29,8  36,3   14:11  21,4   06:13   0,0  11,4   0,0   4,2  18,4   12:55     W
14  29,6  34,2   15:52  23,9   05:37   0,0  11,4   0,0   3,6  17,3   15:13   SSE
15  28,9  33,3   13:14  22,6   23:56   0,0  10,6   0,0   5,1  20,9   04:02   SSE
16  29,6  38,8   15:09  20,4   06:01   0,0  11,3   0,0   5,5  33,1   10:17   ENE
17  30,9  38,6   14:21  22,5   04:39   0,0  12,6   0,0   4,8  35,6   13:45     N
18  32,7  39,8   15:54  25,8   07:08   0,0  14,4   0,0   6,2  36,7   14:20   ENE
19  32,4  38,9   15:06  27,0   00:35   0,0  14,1   0,0   5,0  29,5   13:08     N
20  32,4  36,4   15:00  24,1   07:16   0,0  14,4   0,0   5,9  28,1   12:36    SW
----------------------------------------------------------------------------------
    28,8  39,8    18    18,7     4     0,0 210,4   9,0   5,1  40,3     2     ESE

Max >=  27,0: 19
Max <=   0,0:  0
Min <=   0,0:  0
Min <= -18,0:  0
Max Rain: 9,0 on day 4
Days of Rain: 1 (>= 0,2 mm)  1 (>= 2,0 mm)  0 (>= 20,0 mm)
Heat Base: 18,3  Cool Base: 18,3  Method: Integration