MONTHLY CLIMATOLOGICAL SUMMARY for OCT. 2023 NAME: CITY: STATE: ELEV: LAT: LONG: TEMPERATURE ( °C), RAIN (mm), WIND SPEED (kmh) HEAT COOL AVG MEAN DEG DEG WIND DOM DAY TEMP HIGH TIME LOW TIME DAYS DAYS RAIN SPEED HIGH TIME DIR -------------------------------------------------------------------------------------------------------- 17 10.6 14.8 11:01 10.1 09:00 07.7 00.0 00.0 00.5 05.5 11:01 N 18 11.9 14.1 16:15 10.1 09:03 06.4 00.0 00.0 01.7 11.1 17:50 SE 19 14.0 19.1 16:23 11.0 01:53 04.3 00.0 00.0 02.2 14.8 15:55 SSE 20 18.5 25.1 15:11 14.7 02:27 00.0 00.2 00.0 03.2 16.6 13:31 S 21 18.7 25.3 14:06 13.2 04:15 00.0 00.4 00.0 03.7 16.6 14:32 SSE 22 19.3 25.2 15:17 15.6 08:11 00.0 01.0 00.0 03.7 16.6 15:11 S 23 19.7 26.9 15:43 13.6 07:11 00.0 01.4 00.0 01.8 11.1 12:41 SW 24 20.7 26.8 15:39 13.9 05:41 00.0 02.4 00.0 03.7 12.9 10:11 W 25 18.3 22.4 13:06 13.4 07:27 00.0 00.0 00.0 03.1 16.6 22:23 WNW 26 17.4 23.5 16:11 14.8 08:46 00.9 00.0 04.2 04.2 24.1 14:49 SE 27 18.5 23.3 13:16 13.8 08:03 00.0 00.2 00.0 03.3 16.6 13:36 SSE -------------------------------------------------------------------------------------------------------- 17.0 (17.8) 26.9 day 23 10.1 day 18 019.4 005.5 020.1 02.8 24.1 day 26 S Min <= 30: 11 Max Rain: 4.2 ON 26-10-23 Days of Rain: 1 (> .2mm) 1 (> 2mm) 0 (> 20mm)