MONTHLY CLIMATOLOGICAL SUMMARY for OCT. 2020

NAME:    CITY:  STATE: 
ELEV:  LAT:  LONG: 

                            TEMPERATURE ( C), RAIN (mm), WIND SPEED (kmh)

                                               HEAT     COOL           AVG
      MEAN                                     DEG      DEG            WIND                       DOM
DAY   TEMP    HIGH   TIME     LOW    TIME      DAYS     DAYS    RAIN   SPEED    HIGH    TIME      DIR
--------------------------------------------------------------------------------------------------------
06    24.7    28.9   10:02    19.7   00:00     00.0     06.4    00.0   03.4     16.6    11:27     SSW
07    22.2    28.6   13:10    16.8   07:38     00.0     03.9    00.6   03.1     16.6    13:14      SE
08    20.4    26.5   14:10    15.0   22:41     00.0     02.1    03.9   07.1     33.3    19:11      NW
09    18.9    25.9   15:21    13.0   04:55     00.0     00.6    00.0   04.6     46.3    12:17      NE
10    18.6    25.4   14:24    14.1   08:12     00.0     00.3    00.0   04.6     16.6    16:41     SSW
11    19.3    25.1   14:23    14.4   07:49     00.0     01.0    00.0   06.1     24.1    14:45     ESE
12    21.1    26.2   14:24    16.6   02:23     00.0     02.8    00.0   11.1     92.5    12:29      E 
13    21.6    25.7   14:33    15.0   00:00     00.0     03.3    16.8   13.5     68.5    05:36     WSW
14    17.6    24.8   14:36    11.4   04:45     00.7     00.0    00.0   05.9     27.8    12:01      W 
15    18.8    27.3   05:46    14.0   06:30     00.0     00.5    00.0   05.9     16.6    17:26      E 
16    21.5    26.1   14:55    16.3   00:04     00.0     03.2    00.0   09.9     25.9    16:09     ENE
17    20.2    25.9   14:32    13.7   23:27     00.0     01.9    00.0   06.1     27.8    15:56     WNW
18    17.5    24.3   13:50    12.1   07:15     00.8     00.0    00.0   05.3     22.2    14:16      NE
19    16.6    20.5   16:00    12.2   02:04     01.7     00.0    00.0   06.2     24.1    10:46     ENE
20    15.5    20.5   15:46    09.4   22:12     02.8     00.0    00.0   06.0     25.9    11:10      NE
--------------------------------------------------------------------------------------------------------
19.6 (19.8)   28.9  day 06     09.4  day 20   006.0    026.0   021.6   06.6     92.5   day 12     ENE
Min <=   30: 15
Max Rain: 16.8 ON 13-10-20
Days of Rain: 3 (> .2mm) 2 (> 2mm) 0 (> 20mm)