MONTHLY CLIMATOLOGICAL SUMMARY for JAN. 2024 NAME: CITY: STATE: ELEV: LAT: LONG: TEMPERATURE ( °C), RAIN (mm), WIND SPEED (kmh) HEAT COOL AVG MEAN DEG DEG WIND DOM DAY TEMP HIGH TIME LOW TIME DAYS DAYS RAIN SPEED HIGH TIME DIR -------------------------------------------------------------------------------------------------------- 01 10.1 16.1 13:24 06.8 21:27 08.2 00.0 00.0 04.8 92.5 18:22 WSW 02 10.8 17.2 13:47 06.0 23:23 07.5 00.0 00.0 40.9 92.5 00:00 SSE 03 08.5 14.6 15:14 04.8 23:26 09.8 00.0 00.3 23.5 92.5 08:06 SE 04 10.9 18.9 12:48 05.1 05:04 07.4 00.0 00.0 08.1 92.5 16:46 S 05 11.1 18.8 14:40 03.5 07:53 07.2 00.0 00.0 03.9 92.5 19:46 E 06 14.9 18.3 15:33 11.9 07:28 03.4 00.0 00.0 07.2 35.1 23:46 E 07 13.9 17.1 00:30 10.0 03:31 04.4 00.0 07.8 07.8 92.5 22:51 SW 08 12.4 16.6 12:29 06.3 08:32 05.9 00.0 00.0 27.1 92.5 23:13 S 09 05.9 15.6 10:23 03.0 21:50 12.4 00.0 38.7 12.1 92.5 14:28 ENE 10 04.1 06.9 13:32 00.2 00:00 14.2 00.0 00.0 47.3 92.5 00:00 ENE -------------------------------------------------------------------------------------------------------- 10.3 (10.9) 18.9 day 04 00.2 day 11 080.3 000.0 046.8 18.3 92.5 day 11 ESE Min <= 30: 10 Max Rain: 38.7 ON 9-01-24 Days of Rain: 3 (> .2mm) 2 (> 2mm) 1 (> 20mm)