MONTHLY CLIMATOLOGICAL SUMMARY for JAN. 2023

NAME:    CITY:  STATE: 
ELEV:  LAT:  LONG: 

                            TEMPERATURE ( C), RAIN (mm), WIND SPEED (kmh)

                                               HEAT     COOL           AVG
      MEAN                                     DEG      DEG            WIND                       DOM
DAY   TEMP    HIGH   TIME     LOW    TIME      DAYS     DAYS    RAIN   SPEED    HIGH    TIME      DIR
--------------------------------------------------------------------------------------------------------
01    04.7    12.2   14:47    00.5   07:46     13.6     00.0    00.0   01.9     31.4    14:07      N 
02    04.6    14.0   13:58   -00.7   07:44     13.7     00.0    00.0   01.3     25.9    14:51      N 
03    05.5    15.7   14:54   -00.3   04:53     12.8     00.0    00.0   01.3     14.8    15:12     NNE
04    05.7    12.9   15:27   -00.7   19:11     12.6     00.0    00.0   02.4     25.9    15:36     NNE
05    04.4    12.5   15:19   -00.3   16:20     13.9     00.0    00.0   03.4     29.6    15:46      NE
06    03.9    12.7   23:50   -00.9   08:31     14.4     00.0    00.0   03.2     35.1    14:53      NE
07    03.2    11.2   14:07   -01.1   07:52     15.1     00.0    00.0   02.2     27.8    12:57      NE
08    03.0    12.4   15:17   -02.1   07:27     15.3     00.0    00.0   01.9     18.5    16:12      SE
09    05.0    09.2   23:54   -01.1   19:40     13.3     00.0    08.1   11.3     61.0    22:24     NNE
10    03.5    07.8   04:27   -02.1   19:17     14.8     00.0    37.8   07.6     70.3    00:02     ENE
11    01.4    08.9   23:23   -01.7   07:52     16.9     00.0    00.0   03.1     25.9    14:34     WSW
12    00.6    05.2   16:59   -02.2   08:27     17.7     00.0    00.0   03.6     27.8    12:43     WSW
13    00.7    07.9   15:14   -03.3   08:07     17.6     00.0    00.0   03.0     31.4    15:31      SW
14    01.3    09.2   15:07   -02.9   06:14     17.0     00.0    00.0   02.4     24.1    16:38      NE
15    01.4    07.6   15:01   -03.3   19:46     16.9     00.0    00.0   02.9     33.3    12:51      NE
16    02.1    06.9   14:10   -03.0   05:36     16.2     00.0    26.4   09.8     51.8    19:01      NE
17    06.3    09.4   05:09    00.2   23:29     12.0     00.0    54.0   21.6     88.8    23:43      E 
18    07.9    09.7   21:43   -02.6   00:00     10.4     00.0    24.3   18.2     94.3    07:36     ENE
19    08.7    11.3   14:38    04.0   23:38     09.6     00.0    30.6   15.9     85.1    09:46      W 
20    02.5    09.0   16:15    00.2   14:31     15.8     00.0    22.2   13.4     61.0    17:42     WSW
21    02.0    04.6   14:06    00.0   08:06     16.3     00.0    61.2   08.0     57.4    03:44     WSW
22    02.8    07.5   15:37    00.2   22:00     15.5     00.0    08.4   03.6     25.9    20:19     WNW
23    03.0    05.1   06:12    00.0   23:16     15.3     00.0    21.6   02.8     29.6    06:46     WSW
24    03.3    08.3   15:38    00.2   09:29     15.0     00.0    07.2   03.8     22.2    18:03      W 
25    01.6    07.5   12:47    00.1   00:00     16.7     00.0    18.3   04.7     25.9    18:43      SE
26   -00.1    01.8   16:34   -00.9   23:54     18.4     00.0    02.4   01.5     16.6    23:24     SSE
27    00.1    04.1   14:44   -01.5   11:14     18.2     00.0    05.1   02.8     18.5    20:19      E 
28    00.1    05.8   18:04   -02.6   11:14     18.2     00.0    07.2   02.4     12.9    17:54      SE
29   -00.5    01.3   21:29   -02.5   18:05     18.8     00.0    31.2   05.4     18.5    07:46     ENE
--------------------------------------------------------------------------------------------------------
03.1 (3.8)   15.7  day 03    -03.3  day 15   441.8    000.0   363.6   05.7     94.4   day 18     NNE
Min <=   30: 29
Max Rain: 61.2 ON 21-01-23
Days of Rain: 16 (> .2mm) 16 (> 2mm) 9 (> 20mm)