MONTHLY CLIMATOLOGICAL SUMMARY for NOV. 2021

NAME:    CITY:  STATE: 
ELEV:  LAT:  LONG: 

                            TEMPERATURE ( C), RAIN (mm), WIND SPEED (kmh)

                                               HEAT     COOL           AVG
      MEAN                                     DEG      DEG            WIND                       DOM
DAY   TEMP    HIGH   TIME     LOW    TIME      DAYS     DAYS    RAIN   SPEED    HIGH    TIME      DIR
--------------------------------------------------------------------------------------------------------
01    06.3    14.1   13:45    01.0   02:38     12.0     00.0    00.3   02.9     24.1    13:33     WSW
02    10.6    15.7   13:28    02.8   01:08     07.7     00.0    17.1   07.7     62.9    10:11     WSW
03    10.3    16.2   13:38    06.4   07:08     08.0     00.0    00.0   04.3     29.6    12:44     WNW
11    06.5    17.9   11:05    00.8   22:31     11.8     00.0    01.5   01.6     22.2    11:12      NE
12    05.3    14.2   14:47   -00.1   03:44     13.0     00.0    00.0   03.6     20.4    13:47     ENE
13    05.6    15.6   14:41   -00.4   06:06     12.7     00.0    01.5   02.1     18.5    15:41     ENE
14    06.5    10.9   15:02    02.5   05:09     11.8     00.0    00.0   02.2     20.4    00:00     ENE
15    06.8    07.8   14:15    05.4   00:43     11.5     00.0    03.6   06.2     37.0    21:22     ENE
16    05.2    15.3   22:26    04.3   19:18     13.1     00.0    05.4   05.8     33.3    10:04      E 
17    04.9    06.5   15:40    03.8   07:17     13.4     00.0    00.9   03.1     16.6    03:09     ESE
18    06.6    11.4   13:32    03.8   07:28     11.7     00.0    00.0   02.0     12.9    21:16      S 
19    05.5    07.9   14:07    01.8   23:45     12.8     00.0    02.7   04.0     22.2    14:34     ENE
20    05.9    14.0   14:11    00.7   03:11     12.4     00.0    00.3   03.3     27.8    12:22     ENE
21    07.0    14.3   14:06    01.6   08:02     11.3     00.0    00.0   03.6     27.8    22:24      W 
22    07.2    09.7   14:27    03.6   02:33     11.1     00.0    09.6   03.1     25.9    14:24      W 
23    07.1    09.0   15:11    06.2   07:40     11.2     00.0    09.9   02.1     20.4    17:32      SE
24    04.9    06.8   00:10    04.1   00:00     13.4     00.0    06.6   04.6     24.1    06:37      E 
25    03.7    04.5   13:10    03.0   00:00     14.6     00.0    01.2   04.5     18.5    23:27     ENE
26    05.5    09.9   11:33    02.5   06:30     12.8     00.0    40.5   09.1     55.5    12:26      W 
--------------------------------------------------------------------------------------------------------
06.4 (7.3)   17.9  day 04    -00.4  day 13   226.2    000.0   423.6   04.0     62.9   day 02      E 
Min <=   30: 19
Max Rain: 40.5 ON 26-11-21
Days of Rain: 14 (> .2mm) 8 (> 2mm) 1 (> 20mm)