MONTHLY CLIMATOLOGICAL SUMMARY for JAN. 2022

NAME:    CITY:  STATE: 
ELEV:  LAT:  LONG: 

                            TEMPERATURE ( C), RAIN (mm), WIND SPEED (kn)

                                               HEAT     COOL           AVG
      MEAN                                     DEG      DEG            WIND                       DOM
DAY   TEMP    HIGH   TIME     LOW    TIME      DAYS     DAYS    RAIN   SPEED    HIGH    TIME      DIR
--------------------------------------------------------------------------------------------------------
01    10.5    17.4   17:47    04.2   06:42     07.8     00.0    00.0   02.8     17.0    21:32     WNW
02    11.3    16.7   15:50    06.8   00:00     07.0     00.0    00.0   01.9     07.0    13:28     WNW
03    08.8    13.6   15:28    05.2   02:47     09.5     00.0    00.0   02.5     07.0    21:15     WSW
04    08.0    15.5   15:23    03.7   07:27     10.3     00.0    00.0   02.6     06.0    22:54     WSW
05    08.8    13.2   16:16    04.7   00:16     09.5     00.0    00.0   01.9     06.0    22:19      W 
06    10.2    13.9   14:32    07.1   00:00     08.1     00.0    00.0   01.8     09.0    11:55     SSW
07    09.0    12.4   12:47    05.6   04:14     09.3     00.0    00.6   02.9     13.0    12:36     NNW
08    09.1    10.6   14:33    08.2   06:25     09.2     00.0    09.3   01.4     06.0    17:57     WSW
09    09.4    11.1   13:46    06.9   07:42     08.9     00.0    03.6   01.1     07.0    01:22      W 
10    09.5    12.1   14:53    06.9   00:00     08.8     00.0    38.4   05.4     26.0    14:31     NNE
11    06.1    07.5   02:24    04.4   23:57     12.2     00.0    66.0   05.1     18.0    08:55     NNW
12    04.0    06.2   15:58    01.5   23:57     14.3     00.0    06.6   03.0     15.0    00:47     NNW
13    00.9    04.3   14:41   -01.8   00:00     17.4     00.0    00.0   03.8     14.0    04:32     NNW
14    00.8    08.4   16:11   -04.5   06:30     17.5     00.0    00.0   02.6     07.0    14:42      W 
15    07.5    13.4   15:00    00.3   01:11     10.8     00.0    00.0   03.6     16.0    05:30     NNW
16    03.7    10.1   15:18   -01.1   06:14     14.6     00.0    00.0   02.6     12.0    12:21      NW
17    04.1    10.5   15:34   -00.8   07:47     14.2     00.0    00.0   02.6     09.0    13:26     WNW
18    06.7    11.1   14:52    01.9   01:59     11.6     00.0    00.0   04.0     17.0    16:34     NNW
19    03.7    08.9   16:23   -00.9   23:59     14.6     00.0    00.0   03.5     18.0    00:54     NNW
20    02.5    09.4   16:11   -02.4   06:10     15.8     00.0    00.0   02.6     09.0    12:34      NW
--------------------------------------------------------------------------------------------------------
06.7 (7.1)   17.4  day 01    -04.5  day 14   231.5    000.0   124.8   02.9     26.0   day 10      NW
Min <=   30: 20
Max Rain: 66.0 ON 11-01-22
Days of Rain: 6 (> .2mm) 5 (> 2mm) 2 (> 20mm)