MONTHLY CLIMATOLOGICAL SUMMARY for FEB. 2020

NAME:    CITY:  STATE: 
ELEV:  LAT:  LONG: 

                            TEMPERATURE ( C), RAIN (mm), WIND SPEED (kmh)

                                               HEAT     COOL           AVG
      MEAN                                     DEG      DEG            WIND                       DOM
DAY   TEMP    HIGH   TIME     LOW    TIME      DAYS     DAYS    RAIN   SPEED    HIGH    TIME      DIR
--------------------------------------------------------------------------------------------------------
01    13.7    21.0   18:32   -22.4   18:27     04.6     00.0    00.0   04.5     22.2    00:51      N 
02    13.8    20.5   14:59    08.6   08:58     04.5     00.0    00.0   03.4     22.2    14:12      NW
03    14.3    18.5   14:48    10.9   03:42     04.0     00.0    00.0   06.0     29.6    16:29     SSW
04    14.7    18.7   09:57    10.8   05:33     03.6     00.0    00.0   08.7     42.5    22:09      W 
05    13.7    16.5   15:17    10.3   00:00     04.6     00.0    00.0   19.0     61.0    14:17      W 
06    09.0    11.5   14:02    06.8   23:51     09.3     00.0    05.4   18.5     68.5    17:45     WNW
08    07.3    14.4   22:47    05.2   04:45     11.0     00.0    48.0   20.9     57.4    02:42     NNW
09    09.5    15.7   16:31    05.4   19:33     08.8     00.0    114.0   08.0     44.4    05:40      N 
10    11.6    18.7   18:07    05.5   23:16     06.7     00.0    42.0   09.5     44.4    16:11      N 
11    14.7    19.7   16:08    11.2   19:16     03.6     00.0    24.0   12.3     44.4    23:30      W 
12    15.6    26.1   09:15    12.9   04:43     02.7     00.0    66.0   08.9     44.4    21:01     WNW
13    14.1    17.8   15:15    10.4   23:33     04.2     00.0    78.0   13.0     92.5    22:04     NNW
14    12.8    17.1   19:24    07.3   12:06     05.5     00.0    43.8   11.4     92.5    00:00     NNE
15    12.9    18.8   00:00    00.0   07:00     05.4     00.0    04.8   22.0     92.5    00:06      NW
16    11.9    18.8   00:09    11.0   08:22     06.4     00.0    06.3   29.3     55.5    17:10      N 
17    12.0    20.8   10:10    08.4   22:25     06.3     00.0    20.1   27.4     92.5    10:16     NNE
18    12.7    18.7   19:06    07.3   02:25     05.6     00.0    13.2   08.2     40.7    06:09      NE
--------------------------------------------------------------------------------------------------------
12.6 (12.4)   26.1  day 12    -22.4  day 01   096.9    000.0   330.3   13.6     92.5   day 17      NW
Min <=   30: 17
Min <= -18: 1
Min <=  -5: 1
Min <= -10: 1
Min <= -15: 1
Min <= -20: 1
Max Rain: 114.0 ON 9-02-20
Days of Rain: 12 (> .2mm) 12 (> 2mm) 8 (> 20mm)