MONTHLY CLIMATOLOGICAL SUMMARY for FEB. 2021

NAME:    CITY:  STATE: 
ELEV:  LAT:  LONG: 

                            TEMPERATURE ( C), RAIN (mm), WIND SPEED (kmh)

                                               HEAT     COOL           AVG
      MEAN                                     DEG      DEG            WIND                       DOM
DAY   TEMP    HIGH   TIME     LOW    TIME      DAYS     DAYS    RAIN   SPEED    HIGH    TIME      DIR
--------------------------------------------------------------------------------------------------------
01    09.3    11.7   13:49    07.9   07:27     09.0     00.0    18.3   00.3     14.8    14:08     ENE
02    08.5    09.4   09:11    06.0   00:00     09.8     00.0    32.3   00.1     07.4    12:15      NE
03    06.6    10.7   16:45    04.5   09:00     11.7     00.0    00.3   00.2     07.4    14:30      NE
04    06.7    12.6   16:30    03.4   08:15     11.6     00.0    00.3   00.1     09.3    13:15      E 
05    08.6    15.7   16:01    05.1   10:15     09.7     00.0    00.5   00.2     07.4    17:59     ENE
06    09.8    18.9   15:51    03.3   08:30     08.5     00.0    00.3   00.2     09.3    16:24      E 
07    10.9    17.8   14:56    05.6   08:45     07.4     00.0    00.3   01.0     18.5    19:16     ESE
08    11.4    13.7   05:45    09.3   19:51     06.9     00.0    24.6   01.2     24.1    13:29      NE
09    09.5    11.6   13:45    07.2   18:00     08.8     00.0    49.3   00.7     25.9    17:45      NE
10    10.1    13.2   17:15    07.4   08:12     08.2     00.0    00.8   00.2     20.4    00:00     NNE
11    09.5    11.2   00:14    07.7   15:13     08.8     00.0    17.5   00.7     20.4    00:14      E 
12    08.1    12.2   14:38    05.1   08:11     10.2     00.0    17.5   00.2     09.3    19:00      NE
13    07.0    07.7   00:01    05.2   23:36     11.3     00.0    33.3   00.7     18.5    00:00      NE
14    00.3    05.5   00:26   -01.6   19:43     18.0     00.0    21.8   01.5     42.5    23:29      N 
15    00.3    02.8   14:39   -01.4   00:37     18.0     00.0    02.0   06.2     55.5    03:15     NNE
16    01.1    06.6   15:42   -03.3   08:30     17.2     00.0    00.3   01.7     33.3    01:30      NW
17    02.7    09.3   16:14   -03.3   07:15     15.6     00.0    00.0   00.2     09.3    15:47     ENE
18    06.6    13.5   16:15    02.1   08:00     11.7     00.0    00.0   00.7     14.8    18:30      NE
19    06.6    14.2   16:29    00.7   06:30     11.7     00.0    00.0   00.2     11.1    14:28      NE
20    07.2    14.0   16:15    02.1   08:00     11.1     00.0    00.0   00.6     14.8    17:45      E 
--------------------------------------------------------------------------------------------------------
07.0 (7.6)   18.9  day 06    -03.3  day 17   225.2    000.0   176.3   00.8     55.5   day 15      NE
Min <=   30: 20
Max Rain: 49.3 ON 9-02-21
Days of Rain: 16 (> .2mm) 9 (> 2mm) 5 (> 20mm)